. Is l a prime number?
False
Let m(g) = -g**3 - 14*g**2 + 3*g - 3. Let j be m(-14). Let q be ((-3)/9)/(5/j). Is q*((-1880)/15)/(-4) prime?
False
Let m = 9 - 7. Let w(t) = t**2 + 9 + m + 12*t - 11 + 1. Is w(-19) composite?
True
Is 717*-2*42/(-36) a composite number?
True
Let f(m) = 1106*m**2 - 22*m - 53. Is f(-3) a prime number?
True
Suppose -3*b + 6*b = 0. Suppose 4*m + 4*u - 1428 = 0, -4*m + 5*u + b*u = -1437. Is m a composite number?
True
Suppose 16355 = 16*p - 11*p. Is p prime?
True
Suppose -5*d + 2783 = -2*p + 22564, 4*p - 39541 = 3*d. Is p prime?
True
Suppose -21934 = -11*s + 13827. Is s prime?
True
Let d(t) = 19*t + 2. Let i be 1*(-1 + 9*12/9). Is d(i) a prime number?
True
Suppose 9*t - 42*t = -165693. Is t composite?
False
Let d(v) = -12522*v + 381. Is d(-4) composite?
True
Suppose 2 = -0*n + 2*n. Suppose -4 - n = -s. Suppose -s*f = -f - 376. Is f a prime number?
False
Let m = 1074 + -516. Let g = m + -187. Is g composite?
True
Suppose -4*k = -52 + 12. Let r(c) = 29*c - 2. Let d be r(k). Suppose -3*m = -4*o + d, -2*m - 191 = -3*o - 6*m. Is o a prime number?
False
Let r(j) = 10*j + 118. Let g be r(9). Suppose p - 6*p + 2725 = 0. Let h = p - g. Is h prime?
True
Let j be (-4)/14 - 112/(-49). Suppose 4*w - 130 = -3*l + 146, j*l = -4*w + 280. Let g = w - -119. Is g a prime number?
True
Suppose 2*i - z + 140 = 23, 3*z = 3*i + 180. Let j(x) = x + 12. Let t be j(-9). Is t - (i*1 + 2) a prime number?
False
Let g(n) = 2*n + 25. Let b be g(-11). Suppose 2*p - 4248 = -3*v - v, 4*v + b*p = 4250. Is v a composite number?
False
Is 4172/20 + (-2)/(-5) + 0 prime?
False
Suppose 17 - 1 = 4*i. Let d be i/(-2) - (12 - 1131). Suppose 0 = -2*g - 3*s + d, -3*g + 0*s - 3*s + 1680 = 0. Is g composite?
False
Let o(u) = -u**3 - 9*u**2 - 9*u - 8. Is o(-21) a prime number?
False
Suppose 0 = -2*r + 3*r + 1982. Is (3/6 + (-3 - -2))*r a prime number?
True
Let w = 143 + 2. Suppose 4*a = -5*l + 605, -3*a - w + 619 = -3*l. Is a prime?
False
Let j = 1795 + -1028. Is j a prime number?
False
Let k(a) = -557*a + 80. Is k(-7) a composite number?
True
Let o(f) = 2*f**2 - 5*f - 26. Let u be o(-12). Suppose -3*g + u + 1601 = 0. Is g composite?
False
Let y be -16*((-35)/(-4) - -1). Let m = y + 605. Suppose -5*f - 2*d + m = 0, 4*f = 3*d - d + 370. Is f a composite number?
True
Suppose 3*g = 3*h - 2*g - 6860, -4*g = 2*h - 4566. Let z = h + -1216. Is z a composite number?
False
Let o be (-9)/(-45) + 21/(-5). Let y be 65/(o/(2 - 6)). Suppose -y = s - 2*s. Is s prime?
False
Suppose 5*w - i - 4200 = w, -5*i - 2118 = -2*w. Is (-1 - 6/(-3))*w a prime number?
True
Let n(k) = 52*k**2 + k - 134. Is n(-13) prime?
True
Suppose u = 3*w - 12, 3*u - 5*w = -u - 20. Suppose u = -s - 6 + 10. Suppose s*p - 532 = -0*p. Is p a prime number?
False
Let x = -45011 + 71832. Is x a composite number?
False
Suppose 5*h = -4*i + 33385, -13326 = -4*h + 2*h + 4*i. Is h a composite number?
False
Suppose 0 = 2*c + 2*c + 8. Is 1/(c - 0) + 300/8 a prime number?
True
Suppose -4*m = 16, 3*m = 4*b - 0*m - 1208. Is b a prime number?
False
Suppose 1783 = -3*p + 253. Let u = 923 + p. Is u a prime number?
False
Suppose -3*b = -6*b. Let z(v) = v**3 - v**2 - v + 571. Is z(b) prime?
True
Let r(m) = m**2 - 5*m - 7. Let g be r(5). Let t(z) = -2*z**2 - 5*z + 9. Let f be t(g). Let l = 755 - f. Is l a prime number?
True
Let u be (-22)/4 + 5/((-30)/9). Let j(r) be the first derivative of -9*r**2/2 + 2*r - 1. Is j(u) composite?
True
Let g(f) = 249*f - 18. Let z(i) = -125*i + 9. Let a(o) = -2*g(o) - 5*z(o). Let t be a(6). Suppose 0 = -4*d + 563 + t. Is d a composite number?
True
Is 632/(-6)*(-711)/12 composite?
True
Is ((-15691)/104)/((-1)/2)*4 a prime number?
False
Suppose -5*t + 158 = -172. Suppose -5*j + 511 = t. Is j a composite number?
False
Let a(j) = -j**3 - 4*j**2 - j. Let d be a(-4). Suppose 0*i - 2*i = -d*y + 168, 3*y - 126 = -i. Suppose -5*f + y + 33 = 0. Is f prime?
False
Suppose 561 = 3*c + m, -2*c + 2*m + 3*m + 374 = 0. Suppose -2*i + i = -c. Is i composite?
True
Let k(x) = 7*x**3 + x**2 - 3*x + 2. Let r(p) = p + 1. Let u(m) = m**2 - 7*m - 5. Let f(t) = 2*r(t) + u(t). Let y be f(6). Is k(y) composite?
False
Let c(s) = -2*s**3 - 4*s**2 + 28*s + 33. Is c(-11) prime?
False
Let c(t) = -3*t**3 + 2*t**2 + 3*t - 5. Let n be c(4). Let r = 634 - n. Is r a composite number?
False
Is (0 + -17)/(1/(-13)) composite?
True
Suppose 2*k - 29686 = -4*h, 5*h - 35764 = -3*k + 8770. Is k composite?
True
Let l be ((-8)/6 - -2)*6. Is (-1115 - -1)/((-5)/(10/l)) a prime number?
True
Let m(a) = 48*a**3 - a**2 - 2*a + 1. Let c(s) = s**2 - 7. Let b be c(3). Is m(b) a composite number?
True
Let w(n) = 18*n**2 - 9*n + 7. Let l(m) = 36*m**2 - 19*m + 13. Let u = 23 + -18. Let c(z) = u*w(z) - 2*l(z). Is c(-6) a composite number?
True
Suppose -3*z + 4*t = -1307, 0*z + z - 5*t = 432. Let o = z - 256. Is o composite?
False
Let p be (-2 + 5)/(3/3). Suppose -2*h + h + p*b = -15, -27 = -5*h + 3*b. Suppose -383 = -h*n - 29. Is n composite?
True
Suppose 0 = -5*n, 2*a - 1259 = n + 1463. Is a a composite number?
False
Let x(g) be the third derivative of -19*g**6/720 + 7*g**5/120 + g**4/12 - 2*g**2. Let f(w) be the second derivative of x(w). Is f(-4) composite?
False
Let b(z) = 38*z**2 - 11*z + 4. Let q be b(8). Suppose -u + q = 788. Suppose 4*t - l - 1575 = 0, -4*l = 3*t - 7*t + u. Is t a composite number?
True
Suppose -31*r + 494751 + 256472 = 0. Is r a composite number?
True
Let d be -2 - ((-3)/(-6))/((-1)/20). Is 18662/d + (-1)/(-4) a prime number?
True
Let i be -3 - (0 + -341*3). Suppose 0 = 8*v + 4*v - i. Is v a prime number?
False
Let b = 13400 + -7733. Is b prime?
False
Suppose -z - 2*b + 492 = -293, -b = -4*z + 3149. Is z a prime number?
True
Is (1118182/364 + 3/(-7))*2 prime?
True
Suppose 29 = 6*v + 5. Suppose 5*n - 1266 = v*r - 7*r, 3*n = 0. Is r prime?
False
Is 3102/7 - (287/(-49) + 6) a composite number?
False
Let b(q) = -15 - 4*q + 0*q + 3*q + 18. Let i be b(3). Suppose i = t + 5*x - 47, 0 = 2*t - 4*t + x + 72. Is t prime?
True
Let w(r) = -949*r**3 - 2*r**2 - 9*r - 1. Is w(-2) a composite number?
True
Let f = -20824 - -9967. Is ((-4)/(-6))/((-14)/f) prime?
False
Suppose -17 = -t + 2*t. Let j = t - -21. Suppose -2*p + 54 = -p - 5*l, p + j*l = 63. Is p prime?
True
Suppose g + 0*g + o = 35, 2*o - 34 = -g. Suppose -2004 = 32*v - g*v. Is v prime?
False
Suppose 5*t + 1054 = -2686. Let q = -197 - t. Suppose 0*c - k = -4*c + 742, 3*c = -2*k + q. Is c composite?
True
Let h(i) = i**2. Let r(n) = n**3 - 16*n**2 - 2*n + 5. Let f(d) = -4*h(d) - r(d). Is f(6) a composite number?
False
Suppose -2*y = -2*t - 2852, -t = -y + 3*t + 1432. Suppose -5*r = -y - 1526. Suppose -i + 116 = -v, v + r = 5*i - 2*v. Is i a composite number?
True
Suppose 3*j - 16876 = j - 2*k, k + 42220 = 5*j. Is j a composite number?
False
Let g(c) = -5 - 9*c + 26*c**2 + 2 - 6*c**2. Let i be g(4). Suppose 5*o = 2*d - i, d - o = 5*d - 573. Is d prime?
False
Let t(z) = z**3 + 4*z**2 - 5*z. Let y be t(-4). Let p = -18 + y. Suppose p*m - 943 = m. Is m a prime number?
False
Let k be (-3)/(18/3)*6326/(-1). Let p = k + -2040. Is p a composite number?
False
Let c be -4 + 602 + 3 + -1 + -4. Suppose -3*m + 2 = -4. Suppose 3*k + 0*k - 864 = -3*z, m*k + c = 2*z. Is z composite?
False
Let i be 1/(-2 - 3/(60/(-44))). Suppose -2*g = -5*g - i*t + 1162, -g - 3*t + 394 = 0. Is g composite?
False
Let q = 147 + -100. Suppose -5*v + 46 = -4. Suppose v = -z + q. Is z a composite number?
False
Suppose -3*s + 133 = 46. Let o = -1 + s. Is o/7*958/8 composite?
False
Is 1108/(3 + -1 + 0) a composite number?
True
Suppose 4*p - 2*y - 1500 = 0, -2*p + 0*p - 2*y = -738. Suppose -2*d + 4*a = -358, -4*d + p + 391 = 4*a. Is d a composite number?
True
Suppose -3*v = 3125 + 151. Let n = 2073 + v. Suppose -3*a + 4*d = -1343, n + 364 = 3*a - 2*d. Is a a prime number?
True
Suppose 2*t = -3*t + 60. Suppose p - t = 5*p. Is -4 - -92 - (2 + p) composite?
False
Let x(n) = 4*n + 58. Let t be x(-14). Suppose -j + 2336 = t*r, -3*r - 2*j - 244 = -3747. Is r a composite number?
True
Let c be (2 - 1)/(4/72*6). Suppose c*a = 177 + 1494. Is a a composite number?
False
Let l be (-2)/9 - 15045/(-27). Let u = -332 + l. Suppose 3*q - a - u = -5*a, q - a - 82 = 0. Is q composite?
False
Let f(a) = -300*a**3 + 2*a**2 + 44*a + 3. Is f(-5) a composit